g(z) = -1200*z + 9624. What is g(8)?
24
Let y(s) = 3705*s + 100045. Give y(-27).
10
Let y(i) = -i**3 + 38*i**2 - 305*i + 33. Calculate y(12).
117
Let b(y) = y**2 + y - 342. Give b(0).
-342
Let n(m) = 59*m - 319. Determine n(5).
-24
Let v(c) = c**3 + 9*c**2 + 2*c + 362. What is v(-11)?
98
Let z(k) = -116*k**2 + 14*k - 18. Give z(2).
-454
Let n(b) = -b**3 + 40*b**2 + 3*b - 34. What is n(40)?
86
Let b(t) = -35*t + 601. Calculate b(18).
-29
Let t(v) = 7*v**2 + 105*v + 785. What is t(-8)?
393
Let n(f) = -2*f**3 - 20*f**2 - 14*f - 12. Give n(-9).
-48
Let j(p) = -p**2 - 57*p + 284. Calculate j(-62).
-26
Let y(n) = -n**3 - 13*n**2 - 13*n - 143. What is y(-13)?
26
Let r(f) = f**3 - 21*f**2 - 131*f + 66. Give r(26).
40
Let n(j) = 4*j**3 + 128*j**2 - 26*j - 910. Give n(-32).
-78
Let l(w) = -2*w**2 - 6*w - 73. Determine l(-18).
-613
Let x(o) = -3*o**3 + 32*o**2 - 82*o - 23. Determine x(5).
-8
Let l(i) = -810*i + 7118. What is l(9)?
-172
Let m(f) = -f**3 - 2*f**2 - 191*f - 596. What is m(-3)?
-14
Let l(c) = -c**3 + 21*c**2 - 143*c + 1900. Determine l(19).
-95
Let o(l) = -12*l**2 + 291*l + 591. What is o(-2)?
-39
Let m(g) = 8*g**3 + 26*g**2 + 29*g + 17. Calculate m(-3).
-52
Let a(m) = -m**2 - 29*m + 37. Determine a(10).
-353
Let r(i) = -8457*i - 253715. What is r(-30)?
-5
Let i(c) = 572*c - 8002. Calculate i(14).
6
Let j(q) = q**2 + 179*q - 727. Calculate j(-183).
5
Let l(u) = 970*u - 2949. Calculate l(3).
-39
Let l(w) = -w**3 + 133*w**2 - 8*w + 1043. Calculate l(133).
-21
Let w(p) = 172*p + 122. Determine w(-3).
-394
Let d(l) = 109*l - 332. Calculate d(5).
213
Let u(l) = 2*l**3 - 50*l**2 - 63*l + 284. What is u(26)?
-2
Let x(t) = -12*t - 867. Give x(-72).
-3
Let o(v) = -v**3 - 19*v**2 - 6*v - 66. What is o(-18)?
-282
Let j(a) = 40*a**2 - 260*a + 31. Calculate j(9).
931
Let c(o) = -3*o**3 - 83*o**2 - 28*o + 704. Determine c(-27).
2
Let b(t) = t**3 - 17*t**2 - 5*t + 4. What is b(17)?
-81
Let k(q) = -2103*q - 14601. Give k(-7).
120
Let t(p) = 2*p**3 + 111*p**2 - 589*p - 8. Give t(5).
72
Let t(m) = 35*m + 157. Calculate t(-6).
-53
Let i(l) = -2*l**2 + 5*l + 3. What is i(-2)?
-15
Let u(a) = 11*a + 299. Calculate u(-24).
35
Let d(y) = 2*y**2 - 706*y + 4150. Determine d(6).
-14
Let s(a) = -3210*a + 16030. Give s(5).
-20
Let m(l) = -6*l**2 + 16*l - 4. Give m(4).
-36
Let i(a) = 2*a**2 + 112*a + 1024. Give i(-41).
-206
Let w(y) = -17*y**2 - 5*y + 6. Calculate w(-3).
-132
Let w(b) = b**3 + 21*b**2 + 17*b - 63. Calculate w(-20).
-3
Let o(m) = -130*m + 706. Determine o(14).
-1114
Let w(x) = 42*x + 93. Give w(-2).
9
Let b(t) = 26*t + 288. Determine b(-12).
-24
Let i(y) = y**3 - 18*y**2 + 4*y - 55. Determine i(18).
17
Let b(u) = -89*u - 113. What is b(-1)?
-24
Let g(p) = p**2 + 27*p - 565. What is g(-40)?
-45
Let f(w) = -10*w**2 - 645*w - 2143. Determine f(-61).
-8
Let a(m) = 13*m - 194. What is a(-11)?
-337
Let a(j) = 2088*j - 10506. What is a(5)?
-66
Let r(l) = 1586*l + 9516. Give r(-6).
0
Let r(b) = b**3 + 25*b**2 + 41*b - 119. What is r(-23)?
-4
Let y(d) = 114*d - 946. What is y(7)?
-148
Let b(u) = -u**3 + 14*u**2 + 66*u + 1. Calculate b(19).
-550
Let k(x) = -x**3 - 10*x**2 + 4*x + 111. Calculate k(-9).
-6
Let t(g) = -g**2 - 2*g + 255. Calculate t(-17).
0
Let d(n) = 13*n**2 + 11*n - 23. Give d(-3).
61
Let d(q) = -q**3 + 44*q**2 - 457*q + 526. Give d(14).
8
Let a(d) = -3*d**3 - 10*d**2 + 6*d + 18. Give a(2).
-34
Let l(w) = w**2 - 8*w - 2. Determine l(-7).
103
Let j(a) = -2*a**2 + 224*a + 440. Give j(-2).
-16
Let j(h) = 504*h - 7060. Determine j(14).
-4
Let q(c) = -c**2 + 52*c - 52. Give q(49).
95
Let m(w) = -w**3 + 15*w**2 - 237*w + 3119. Give m(14).
-3
Let u(q) = q**3 + 4*q**2 - 22*q - 48. Give u(-5).
37
Let g(b) = -b**3 - 2*b**2 + 2*b + 114. What is g(0)?
114
Let k(v) = -v**3 - 7*v**2 + 98*v + 70. Calculate k(-14).
70
Let d(p) = p**2 - 67*p - 186. Determine d(69).
-48
Let w(l) = l**2 - 10*l - 101. Calculate w(-5).
-26
Let j(y) = -2*y**3 + 20*y**2 + 21*y - 70. Give j(10).
140
Let r(p) = -23*p + 1185. Determine r(22).
679
Let v(d) = d - 67. Determine v(-8).
-75
Let l(p) = 24*p + 1292. Give l(-54).
-4
Let v(t) = t**3 + 18*t**2 - 261*t - 4585. Determine v(-15).
5
Let a(h) = h**3 + 262*h**2 + 522*h. What is a(-2)?
-4
Let f(q) = -648*q - 23307. Calculate f(-36).
21
Let f(d) = 10*d**3 + 131*d**2 + 17*d + 34. Give f(-13).
-18
Let r(i) = -2*i**3 + 115*i**2 + 32*i + 1504. Give r(58).
-4
Let q(n) = 1635*n - 22812. Determine q(14).
78
Let c(k) = -70*k - 8. What is c(0)?
-8
Let a(h) = -1422*h + 46928. Determine a(33).
2
Let g(b) = b**3 - 48*b**2 - 31*b - 654. Determine g(49).
228
Let j(a) = 20*a**2 - 642*a - 592. What is j(33)?
2
Let i(j) = -19*j - 99. Calculate i(-7).
34
Let z(m) = 23*m + 966. Give z(-39).
69
Let t(y) = -y**2 + 26*y - 232. What is t(11)?
-67
Let j(b) = -b**3 + 21*b**2 - 88*b + 74. Give j(4).
-6
Let q(x) = -x**2 + 223*x + 4866. Calculate q(-20).
6
Let j(s) = 2*s**3 - 21*s**2 + 8*s - 17. Give j(8).
-273
Let g(h) = -4*h - 113. Give g(-18).
-41
Let f(k) = -19*k**2 + 472*k + 68. Calculate f(25).
-7
Let f(y) = -4336*y + 4347. What is f(1)?
11
Let w(g) = -18*g - 813. Give w(-46).
15
Let w(x) = 358*x + 6433. Give w(-18).
-11
Let i(y) = -y**3 - 4*y**2 + 2*y + 9. Determine i(-6).
69
Let z(t) = -8247*t - 16501. Calculate z(-2).
-7
Let k(n) = -206*n + 1589. Determine k(9).
-265
Let o(f) = 3*f**2 - 74*f + 310. Calculate o(20).
30
Let j(t) = -75*t - 462. What is j(-6)?
-12
Let b(f) = -2*f**3 - f**2 + 54*f - 86. Give b(3).
13
Let o(w) = 47*w**2 + 265*w + 9. What is o(-6)?
111
Let u(s) = s**2 + 17*s + 601. Calculate u(0).
601
Let j(v) = -31*v. Determine j(8).
-248
Let o(t) = 48*t**2 + 45*t - 2. Calculate o(-1).
1
Let z(u) = -2*u**2 + 9*u - 3. Calculate z(2).
7
Let i(w) = -2*w**2 - 9*w - 5. What is i(11)?
-346
Let f(q) = q**3 + 17*q**2 - 21*q - 55. What is f(-18)?
-1
Let l(g) = -2*g**2 - 2698*g - 10772. What is l(-4)?
-12
Let o(v) = -v**3 - 62*v**2 + 72*v + 561. What is o(-63)?
-6
Let j(g) = -1616*g + 6440. Calculate j(4).
-24
Let k(g) = 227*g - 8184. Determine k(36).
-12
Let o(s) = -3*s**2 - 59*s + 1308. Calculate o(-33).
-12
Let v(t) = t**2 - 103*t + 575. Give v(97).
-7
Let w(x) = -215*x - 1014. Give w(-5).
61
Let r(c) = 3*c**2 - 18*c - 215. What is r(-6)?
1
Let l(w) = -499*w + 1852. Give l(5).
-643
Let c(g) = 2*g**3 - 14*g**2 + 41*g - 29. What is c(2)?
13
Let z(g) = -g**3 + 4*g**2 - g - 5. Determine z(4).
-9
Let o(c) = -11*c**3 - 4*c**2 + 19*c + 4. What is o(3)?
-272
Let n(s) = s**3 + 42*s**2 - 221*s - 5832. Give n(-44).
20
Let v(s) = -207*s + 392. Calculate v(2).
-22
Let g(d) = d**3 + d**2 - 9*d - 152. Give g(0).
-152
Let h(b) = 3*b**2 + 8*b + 55. Determine h(0).
55
Let x(m) = 66*m**2 - 268*m - 1. Determine x(4).
-17
Let s(o) = -5194*o - 62344. Determine s(-12).
-16
Let g(q) = 62*q + 3771. Determine g(-61).
-11
Let n(k) = -k**2 - 65*k - 555. Give n(-55).
-5
Let h(y) = 2*y**3 - 42*y**2 + 8*y + 667. Determine h(20).
27
Let r(i) = -273*i + 2757. Give r(10).
27
Let t(s) = s**3 - 15*s**2 - 16*s - 97. Calculate t(8).
-673
Let m(u) = u**3 - 121*u**2 - 128*u + 734. Give m(122).
2
Let z(i) = -i**3 + 47*i**2 - 39*i - 1194. Calculate z(46).
-872
Let g(x) = 69*x - 163. Calculate g(1).
-94
Let c(z) = -176*z + 23918. Give c(136).
-18
Let r(n) = 76*n**3 + 5*n**2 - 7*n - 11. What is r(-1)?
-75
Let w(f) = -616*f + 618. Calculate w(1).
2
Let i(z) = z**3 + 17*z**2 + 45*z - 185. Calculate i(-12).
-5
Let o(q) = -44*q + 74. Give o(-6).
338
Let q(w) = -544*w - 5999. Give q(-11).
-15
Let m(r) = -2*r**3 + 27*r**2 + 20*r - 55. Determine m(14).
29
Let r(v) = v**2 - 408*v - 4175. Determine r(-10).
5
Let z(c) = -c**2 + 25*c - 149. What is z(12)?
7
Let c(w) = w**3 + 3*w**2 - 3*w - 4. Determine c(2).
10
Let p(j) = 3*j**3 - 35*j**2 + 92*j - 32. Calculate p(8).
0
Let b(f) = f**2 + 2569*f + 40841. Determine b(-16).
-7
Let q(m) = -34*m + 249. Determine q(5).
79
Let x(o) = o**3 - 181*o**2 + 368*o - 1803. Determine x(179).
-13
Let l(o) = o**2 - 48. Determine l(-20).
352
Let t(i) = -i**3 - 14*i**2 + 188*i + 1165. Determine t(-5).
0
Let d(z) = z**3 - 3*z**2 - 32*z + 10. Give d(7).
-18
Let q(h) = h**2 - 52*h - 316. Give q(57).
-31
Let l(n) = n**3 + 12*n**2 - 16*n - 187. Give l(-12).
5
Let h(a) = a**2 + 217*a - 1367. What is h(6)?
-29
Let m(y) = 406*y - 5. Determine m(0).
-5
Let t(u) = -u**2 - 103*u - 2322. W